{"id":5,"date":"2013-11-24T13:32:13","date_gmt":"2013-11-24T12:32:13","guid":{"rendered":"http:\/\/www.textile-forum-blog.org\/?page_id=5"},"modified":"2015-06-04T18:35:46","modified_gmt":"2015-06-04T17:35:46","slug":"about-us-ueber-uns","status":"publish","type":"page","link":"https:\/\/www.textile-forum-blog.org\/de\/about-us-ueber-uns\/","title":{"rendered":"\u00dcber uns"},"content":{"rendered":"<p>Beatrijs Sterk war bis Ende 2013 Herausgeberin der Zeitschrift Textilforum und leitete das Sekretariat von ETN (European Textile Network) bis Mai 2015. Dietmar Laue war Architekt und war Redakteur der Zeitschrift Textilforum, er verstarb sehr pl\u00f6tzlich und unerwartet am 17 Juli 2014. In n\u00e4chster Zeit werden einige seiner Artikel f\u00fcr Textilforum hier nochmals publiziert werden.<br \/>\nAnstelle der Redaktion der Zeitschrift setze ich in bescheidenem Umfang die Berichterstattung \u00fcber Themen textiler Gestaltung, Ausbildung und des textilen Kulturerbes fort. Gastredakteuren sind erw\u00fcnscht, vor allem solche die \u00fcber die neuere Geschichte der Textilkunst ihres Landes schreiben.<\/p>","protected":false},"excerpt":{"rendered":"<p>Beatrijs Sterk war bis Ende 2013 Herausgeberin der Zeitschrift Textilforum und leitete das Sekretariat von ETN (European Textile Network) bis Mai 2015. Dietmar Laue war Architekt und war Redakteur der&#8230;<\/p>\n","protected":false},"author":1,"featured_media":0,"parent":0,"menu_order":0,"comment_status":"closed","ping_status":"closed","template":"","meta":{"footnotes":""},"class_list":["post-5","page","type-page","status-publish","hentry"],"_links":{"self":[{"href":"https:\/\/www.textile-forum-blog.org\/de\/wp-json\/wp\/v2\/pages\/5","targetHints":{"allow":["GET"]}}],"collection":[{"href":"https:\/\/www.textile-forum-blog.org\/de\/wp-json\/wp\/v2\/pages"}],"about":[{"href":"https:\/\/www.textile-forum-blog.org\/de\/wp-json\/wp\/v2\/types\/page"}],"author":[{"embeddable":true,"href":"https:\/\/www.textile-forum-blog.org\/de\/wp-json\/wp\/v2\/users\/1"}],"replies":[{"embeddable":true,"href":"https:\/\/www.textile-forum-blog.org\/de\/wp-json\/wp\/v2\/comments?post=5"}],"version-history":[{"count":0,"href":"https:\/\/www.textile-forum-blog.org\/de\/wp-json\/wp\/v2\/pages\/5\/revisions"}],"wp:attachment":[{"href":"https:\/\/www.textile-forum-blog.org\/de\/wp-json\/wp\/v2\/media?parent=5"}],"curies":[{"name":"wp","href":"https:\/\/api.w.org\/{rel}","templated":true}]}}

Über uns

<p>Beatrijs Sterk war bis Ende 2013 Herausgeberin der Zeitschrift Textilforum und leitete das Sekretariat von ETN (European Textile Network) bis Mai 2015. Dietmar Laue war Architekt und war Redakteur der Zeitschrift Textilforum, er verstarb sehr plötzlich und unerwartet am 17 Juli 2014. In nächster Zeit werden einige seiner Artikel für Textilforum hier nochmals publiziert werden.<br />
Anstelle der Redaktion der Zeitschrift setze ich in bescheidenem Umfang die Berichterstattung über Themen textiler Gestaltung, Ausbildung und des textilen Kulturerbes fort. Gastredakteuren sind erwünscht, vor allem solche die über die neuere Geschichte der Textilkunst ihres Landes schreiben.</p>
